3 + 12*d**2 - 7*d + 26. What is the remainder when i(-12) is divided by 29?
23
Suppose n - 40 + 33 = 0. Calculate the remainder when n is divided by 2.
1
Let r be ((-12)/9)/((-2)/(-90)). Let y = -31 + -61. Let t = r - y. What is the remainder when t is divided by 11?
10
Suppose -3 = -3*d, 0 = 3*w - d - 7 - 1. Let l(y) = 4 + 4*y**3 - 5*y - 5*y**2 - 3*y**3 + 0*y**w + 0*y**3. What is the remainder when 19 is divided by l(6)?
9
Suppose 4*t - t - 84 = 0. Calculate the remainder when t is divided by 8.
4
Let r be ((-1)/(-2))/((-1)/(-4)). Suppose 2*v + r*n - 28 = 0, -v - 3*v + 35 = -3*n. Calculate the remainder when 41 is divided by v + 1 + 2*1.
13
Suppose -3 = -r, -2*p + 5*r = -1 + 2. What is the remainder when (-4)/(-18) + 1183/63 is divided by p?
5
Let h(z) = -4*z**3 + z**2 + z. Suppose 4*p = 2*p - 2. Let m be h(p). Suppose 0 = m*k - 57 + 9. Calculate the remainder when 34 is divided by k.
10
Suppose 0 = 21*g + 492 - 1962. Calculate the remainder when g is divided by 25.
20
Let a(n) = -91*n - 1. Let z be a(-1). Calculate the remainder when ((-4)/(-3))/(5/z) is divided by 9.
6
Calculate the remainder when ((-152)/(-12))/(2/6) is divided by 14.
10
Let x(d) = -d**2 - 7*d + 3. Suppose 5*o = -4*g - 18, -2*g - 3 = 3*o + 5. What is the remainder when 7 is divided by x(g)?
1
Let y = -22 - -47. Suppose 0 = -4*u + u. Suppose -5*k + 61 + 4 = u. What is the remainder when y is divided by k?
12
Let f(j) = -j + 15. What is the remainder when 201/9 + (-2)/6 is divided by f(7)?
6
Let h(p) = 49*p**2 + 3*p - 2. What is the remainder when h(1) is divided by 17?
16
Suppose -2*x = 5*u + 5, 0 = 4*x + u - 2*u + 43. Suppose -3*c = -0*g + 4*g + 8, -c + 19 = -3*g. Calculate the remainder when (3 + -2)*1 - x is divided by c.
3
Let g be (-3 - (0 - -2))/(-1). Calculate the remainder when 16 is divided by g + 4 + 0/(-2).
7
Let o(n) = n**3 - 7*n**2 - 2*n + 10. Let x be o(7). Let g = x - -9. Calculate the remainder when 9 is divided by g.
4
Let h be (-3 + 1)/(6/(-63)). Let l = -15 + h. Suppose -y + l*y - 30 = 0. What is the remainder when 17 is divided by y?
5
Suppose 2*l - 8 = -0. Suppose 3*t - 105 = -t - u, l*u - 4 = 0. What is the remainder when 49 is divided by t?
23
Suppose 425 = 5*r - 10. What is the remainder when r is divided by 15?
12
Let d(j) = j**2 + 3*j - 4. Let k be -4 - 1/((-1)/(-3)). What is the remainder when 71 is divided by d(k)?
23
Suppose 50 = -2*l - 5*p, 3*p + 6 = -2*l - 48. Let f = -18 - l. Suppose -b = -4*r + 135, -4*b + 3 = -1. Calculate the remainder when r is divided by f.
10
Calculate the remainder when (364/12 - -3) + (-2)/6 is divided by 5.
3
Let b = -5 + 3. Let d be 4/8 - 5/b. Calculate the remainder when 2/6 + 50/d is divided by 10.
7
Let i be 555/(-6)*(-4)/5. Suppose -5*l + 55 = 5*y, i = 6*l - 2*l - 2*y. What is the remainder when 3/((6/20)/3) is divided by l?
14
Suppose -m = 5*o + 6 + 29, 2*o - 10 = 2*m. Let n be 612/30 - (-4)/m. Suppose -n = -2*v - 2*v. What is the remainder when 8 is divided by v?
3
Let b be (0 - (-4)/(-14))*-7. Calculate the remainder when b/(-1*(-2)/35) is divided by 0 + 12 - (-1 + 1).
11
Suppose 4*z = -4*u + 396, 9*u - 12*u = -5*z - 337. Calculate the remainder when u is divided by 53.
51
Let d be ((-2)/2 + -5)/1. Let c = d - -10. Suppose 4*j + 2*z = -3 + 25, 2*j + c*z = 26. Calculate the remainder when j is divided by 2.
1
Let t = -15 + 58. What is the remainder when t is divided by 16?
11
Let i(k) = -k - 1. Let c be 0 - -1 - 0 - 5. What is the remainder when i(-8) is divided by c/22 - (-138)/33?
3
Let a(k) = -k**3 - 8*k**2 - 9*k. Suppose 8*g - 3*g = -t + 47, 4*t - 53 = -5*g. Suppose s - 2 + g = 0. Calculate the remainder when 39 is divided by a(s).
11
Let z = 9 + 4. Calculate the remainder when 61 is divided by z.
9
Let x(l) = l**2 + 5*l + 2. Let c be x(-6). Let g = -6 + c. What is the remainder when g is divided by 2?
0
Calculate the remainder when 92 is divided by 4/10 - (-93)/5.
16
Let r = -191 + 234. Calculate the remainder when r is divided by 3*(-1)/2*-6.
7
Let h = -90 - -125. What is the remainder when h is divided by 12?
11
Suppose 0 = -3*p - 4*t - 659, -4*t = -5*p - 2*t - 1055. Let u = p - -95. Calculate the remainder when 28 is divided by 2/8 - u/8.
13
Suppose c - g - 4*g + 10 = 0, -4*c = g - 23. Suppose c - 16 = -k. Let b(n) = 6*n - 5. Calculate the remainder when b(6) is divided by k.
9
Let a(s) = s**3 - s**2 + 3*s + 2. Let j be ((-3)/(-2))/((-2)/(-4)). Calculate the remainder when a(j) is divided by 44/(12/3) + -1.
9
Suppose 0 = 2*s - 14 - 18. Calculate the remainder when 62 is divided by s.
14
Let t(j) = 3*j**2 - j - 1. Suppose -6 = 3*a - 3. Let k be t(a). Calculate the remainder when 7 is divided by (-14)/(-3) - 2/k.
3
What is the remainder when 1/2 - 1680/(-32) is divided by 5?
3
Let h be 4/(-2)*1 - -2. What is the remainder when (-657)/(-21) - (-4)/(-14) is divided by 13 + -4 + h + 2?
9
Suppose 2*k = -k + 12. Let q = 2 + k. What is the remainder when 17 is divided by q?
5
Suppose -16 = m - 5*b, 0 = -3*m + b + 5 + 3. What is the remainder when 6 is divided by m?
2
Calculate the remainder when 4*(-1)/(-1)*2*16 is divided by 33.
29
Suppose 0 = -5*n + 3*n + 4. Suppose 2 = -5*a + 22. Suppose 0 = -5*g + 3*p + 12, -13 = g - a*g - 4*p. Calculate the remainder when g is divided by n.
1
Let l = -4 - -7. Suppose 4*c - 26 = -t, t + l*c = 22 + 8. Calculate the remainder when t is divided by 11.
9
Suppose 2*f = -4*u + 4, 4*u - 6 = -3*f + 10. Let m be 2/(-11) + 72/33. Suppose m*c = 7*c - 165. What is the remainder when c is divided by f?
9
Suppose 5*f - 4 = -24. Let i be (-3)/f + 111/12. Calculate the remainder when 23 is divided by 60/(-25)*i/(-3).
7
Let s = 107 - 58. What is the remainder when s is divided by 17?
15
Suppose 8*w - 6*w = 110. What is the remainder when w is divided by 28?
27
Suppose -15 = -4*c - 3. Suppose 0 + 69 = c*y. Let i(t) = -t**2 - 7*t + 8. Calculate the remainder when y is divided by i(-7).
7
Suppose 3*x = -0*x + 81. Let b(k) = 21*k**2 - 3*k + 2. Let c be b(1). Suppose -7 - 8 = 5*a, c = w - 2*a. What is the remainder when x is divided by w?
13
Suppose -2*i - 5*u = -55, 6*i + 2*u - 27 = 5*i. Suppose 2*d = c + 145, 3*c + 139 = d + d. What is the remainder when d is divided by i?
24
Let z(n) = n**3 - 9*n**2 + 10*n - 3. What is the remainder when 24 is divided by z(8)?
11
Suppose -2*c - c = -3*s - 57, -c + 4*s = -22. What is the remainder when 66 is divided by c?
12
Let j(f) = f**3 + 5*f**2 - 6*f + 6. Suppose a - 8 = -1. Calculate the remainder when a is divided by j(-6).
1
Let m be (12/10)/(((-6)/160)/1). Let y(u) = -u**3 + u**2 + u + 63. Let o be y(0). Let s = o + m. What is the remainder when s is divided by 16?
15
Let s(i) = -2*i + 6. Suppose -n - 20 = 3*h + 4*n, -5*h - n - 4 = 0. Suppose h = 2*o + 13 - 1. Calculate the remainder when 34 is divided by s(o).
16
Let v be (-2 - 10)*4/6. Calculate the remainder when 924/16 - 2/v is divided by 3/(-15) - (-101)/5.
18
Suppose 0 = 2*l - b - 28, 3*l + 5*b - 45 = 23. What is the remainder when l is divided by 9?
7
Suppose -6*v + 2*v + 24 = 0. Let m = 4 - 0. Calculate the remainder when v is divided by m.
2
Suppose 2*i - 78 = -0*i. Let w(p) = -p + 8. What is the remainder when i is divided by w(-6)?
11
Suppose t = 3*k - 4, k = t + 2*t + 12. Suppose -4*b + 28 = -k*b. Suppose 3*r - 44 = 10. What is the remainder when r is divided by b?
4
Let d = 121 + -104. What is the remainder when 41 is divided by d?
7
Let x = 3 - 1. What is the remainder when (6/x + -50)*-3 is divided by 36?
33
Let v(c) = -2*c**2 + c - 1. Let u be v(-4). Calculate the remainder when 12 is divided by 12/(-30) - u/5.
5
Let s = 32 - 53. Let o = 68 + s. Suppose h + 4*h + 36 = b, 0 = 2*b + 4*h - 16. Calculate the remainder when o is divided by b.
15
Let k(c) = -3*c. Let u be 3/(-5) - 12/5. Calculate the remainder when 16 is divided by k(u).
7
Calculate the remainder when 8 is divided by (-3 - 10/(-3))*6.
0
Let f = 2 + 0. Suppose -u + 0 = 5*m - 9, -4*u + 5*m - 39 = 0. What is the remainder when 7 is divided by (-1)/f + (-27)/u?
3
Let h(m) = -m**3 - 3*m**2 + 6*m - 7. Calculate the remainder when h(-5) is divided by 4.
1
Suppose -3*f - 3 = -18. Suppose -4*d + f = -11. Suppose -6*y + 4*y - r + 22 = 0, -r = d. What is the remainder when y is divided by 5?
3
Suppose 5*z - 136 = 2*z - 5*p, 2*z -